st common divisor of 421013 and 1247.
43
What is the highest common factor of 13715 and 845?
65
Calculate the highest common divisor of 140 and 4396.
28
What is the highest common divisor of 774 and 27?
9
Calculate the highest common factor of 129 and 1526414.
43
Calculate the greatest common factor of 2574 and 522.
18
What is the greatest common factor of 403 and 3320317?
403
Calculate the greatest common factor of 14422 and 4.
2
Calculate the highest common divisor of 184 and 269008.
184
Calculate the highest common divisor of 19567 and 153.
17
What is the greatest common factor of 88151 and 1715?
343
Calculate the greatest common divisor of 51200 and 3250.
50
What is the greatest common divisor of 22183 and 14?
7
Calculate the highest common divisor of 26316 and 32436.
612
Calculate the highest common divisor of 231 and 14693.
7
Calculate the greatest common factor of 75302 and 5566.
46
Calculate the highest common divisor of 286 and 671.
11
What is the greatest common divisor of 652425 and 150?
75
Calculate the greatest common divisor of 2 and 12078.
2
What is the greatest common factor of 1964 and 80?
4
Calculate the greatest common factor of 36936 and 10206.
486
Calculate the highest common divisor of 16689 and 21.
3
Calculate the highest common divisor of 78905 and 129.
43
Calculate the greatest common factor of 51136 and 25976.
136
Calculate the highest common factor of 9018 and 882.
18
Calculate the highest common divisor of 132 and 8052.
132
What is the highest common divisor of 468 and 53534?
26
What is the highest common factor of 220 and 32835?
55
What is the greatest common factor of 219 and 2478131?
73
What is the highest common divisor of 18 and 538698?
6
Calculate the highest common divisor of 4367 and 485928.
397
Calculate the greatest common divisor of 1131 and 5568.
87
What is the highest common divisor of 6160 and 19880?
280
What is the highest common divisor of 780929 and 647?
647
Calculate the greatest common factor of 76 and 1109239.
19
Calculate the highest common factor of 6966 and 2187.
81
Calculate the highest common divisor of 21 and 33537.
21
What is the highest common factor of 1184 and 1332?
148
What is the highest common divisor of 1080088 and 2528?
632
What is the greatest common divisor of 267 and 213?
3
Calculate the greatest common divisor of 512 and 27904.
256
What is the highest common divisor of 11404 and 4?
4
What is the highest common divisor of 2268 and 460?
4
Calculate the highest common factor of 59896 and 8.
8
What is the greatest common factor of 11666 and 2280?
38
Calculate the highest common factor of 3076 and 1828.
4
What is the greatest common factor of 4836 and 13132158?
2418
What is the highest common factor of 104 and 728?
104
Calculate the highest common factor of 93 and 2565.
3
Calculate the greatest common divisor of 369955 and 115.
115
What is the greatest common factor of 155 and 15903?
31
What is the greatest common factor of 631932 and 105?
21
What is the greatest common factor of 408 and 1003017?
51
What is the greatest common divisor of 1476 and 1025?
41
Calculate the greatest common divisor of 87175 and 10175.
275
What is the greatest common factor of 288238 and 62?
62
Calculate the highest common factor of 952 and 390796.
476
Calculate the greatest common divisor of 984 and 55668.
12
What is the greatest common divisor of 56703 and 1599?
123
What is the highest common factor of 578 and 13046?
2
Calculate the greatest common divisor of 60 and 3985935.
15
What is the highest common factor of 1636 and 508?
4
Calculate the greatest common factor of 91922 and 494.
38
Calculate the greatest common factor of 7040 and 132096.
128
Calculate the greatest common divisor of 609 and 1169.
7
Calculate the highest common divisor of 879840 and 10.
10
Calculate the highest common factor of 1496 and 1012.
44
What is the greatest common factor of 18391 and 4028?
53
What is the highest common factor of 178 and 357157?
89
What is the greatest common divisor of 7004 and 147908?
412
Calculate the highest common factor of 5451 and 9453.
69
Calculate the highest common divisor of 1939 and 514943.
277
Calculate the greatest common divisor of 504776 and 8.
8
What is the greatest common factor of 4244 and 12?
4
Calculate the highest common factor of 26688 and 576.
192
Calculate the greatest common factor of 40 and 4325.
5
What is the greatest common factor of 1302 and 468447?
21
What is the highest common factor of 79250 and 500?
250
What is the highest common factor of 3 and 4359?
3
What is the greatest common divisor of 3339 and 3582?
9
Calculate the greatest common divisor of 4 and 79372.
4
What is the highest common divisor of 10164 and 10?
2
Calculate the greatest common factor of 7605 and 315.
45
Calculate the highest common divisor of 1725 and 7705.
115
Calculate the highest common divisor of 8691 and 57.
3
Calculate the greatest common factor of 545727 and 21.
21
Calculate the highest common factor of 182 and 3121664.
182
Calculate the highest common divisor of 868680 and 1672.
152
Calculate the greatest common divisor of 512964 and 54.
18
Calculate the highest common factor of 1230 and 3570.
30
Calculate the greatest common divisor of 81455 and 495.
55
What is the highest common factor of 136937 and 74?
37
Calculate the highest common divisor of 396 and 428538.
66
What is the highest common divisor of 441 and 1078?
49
Calculate the greatest common divisor of 35 and 3717.
7
What is the greatest common factor of 800 and 56640?
160
Calculate the greatest common factor of 2068 and 424974.
1034
Calculate the greatest common factor of 3823456 and 507.
169
What is the greatest common factor of 28 and 204652?
28
Calculate the greatest common factor of 3393 and 1548339.
1131
Calculate the highest common factor of 10 and 11185.
5
Calculate the greatest common factor of 6 and 7467774.
6
Calculate the greatest common divisor of 4204 and 3655378.
2102
What is the highest common factor of 20550 and 100?
50
Calculate the greatest common factor of 141 and 8754831.
141
Calculate the highest common divisor of 14492 and 74.
2
What is the highest common factor of 5598 and 90?
18
Calculate the greatest common factor of 5104 and 704.
176
What is the highest common factor of 406 and 5628?
14
Calculate the greatest common factor of 140785 and 185.
185
What is the greatest common factor of 595 and 445?
5
Calculate the highest common divisor of 11586 and 12.
6
Calculate the greatest common factor of 449017 and 554.
277
Calculate the highest common divisor of 24418 and 580.
58
What is the greatest common divisor of 39159 and 513?
171
Calculate the greatest common divisor of 205 and 1823065.
205
What is the highest common factor of 2919 and 841089?
417
What is the highest common factor of 51513 and 4191?
33
What is the greatest common factor of 1538425 and 2235?
745
Calculate the highest common factor of 7 and 18977.
7
What is the highest common factor of 358 and 47793?
179
Calculate the highest common factor of 843128 and 4004.
572
Calculate the greatest common factor of 18 and 456282.
18
What is the greatest common divisor of 12358 and 2368?
74
Calculate the highest common factor of 273 and 1344.
21
Calculate the greatest common divisor of 8649 and 465.
93
What is the greatest common divisor of 4352 and 320?
64
Calculate the highest common divisor of 560 and 667800.
280
Calculate the highest common divisor of 527688 and 280.
56
What is the greatest common divisor of 65 and 29120?
65
Calculate the highest common divisor of 81803 and 1611.
179
What is the highest common divisor of 1803009 and 6684?
1671
What is the greatest common factor of 543449 and 244?
61
What is the greatest common factor of 34489 and 364?
91
Calculate the highest common factor of 140447 and 501.
167
Calculate the greatest common factor of 36487 and 112530.
341
What is the highest common divisor of 315550 and 75?
25
What is the highest common divisor of 88324 and 284?
284
Calculate the greatest common divisor of 12920 and 1275.
85
Calculate the greatest common divisor of 57 and 1349.
19
What is the highest common divisor of 798444 and 18?
18
What is the highest common factor of 28177 and 855?
19
Calculate the highest common divisor of 39 and 4223.
1